{"id":55,"date":"2022-07-29T09:20:55","date_gmt":"2022-07-29T09:20:55","guid":{"rendered":"https:\/\/xn--nylonbr-bxa.de\/?page_id=55"},"modified":"2024-03-23T09:58:38","modified_gmt":"2024-03-23T09:58:38","slug":"ueber-mich","status":"publish","type":"page","link":"https:\/\/xn--nylonbr-bxa.de\/?page_id=55","title":{"rendered":"\u00dcber Mich"},"content":{"rendered":"\r\n<p class=\"has-white-color has-text-color\">Hallo, ich bin der Nylonb\u00e4r.\u00a0<br \/>Ok, das hast Du Dir sicher schon gedacht. Aber wer steckt dahinter?<br \/>Ich wohne in Deutschland und bin ein ganz normaler (auch wenn manche etwas anderes behaupten) Mann, der sehr gerne Strumpfhosen tr\u00e4gt.<br \/>Es geht mir dabei nicht um irgendwelche sexuelle Vorlieben oder Befriedigungen. Strumpfhosen sind aus meiner Sicht einfach Kleidungsst\u00fccke.<br \/>Und zwar Kleidungsst\u00fccke, die nicht nur den Damen vorbehalten sind. Strumpfhosen sind unisex.\u00a0<br \/>Ich wei\u00df, dass viele M\u00e4nner das \u00e4hnlich sehen und ebenfalls Strumpfhosen tragen. Dies tun sie aber nur im Verborgenen. D.h. sie tragen ihre Strumpfhosen kaum\u00a0<br \/>sichtbar unter ihrer langen Hose.<br \/>Das finde ich sehr schade. Strumpfhosen machen die Beine sch\u00f6ner. Auch die Beine der M\u00e4nner! Und diese sch\u00f6nen Beine darf man ruhig zeigen.<\/p>\r\n<p>Gerade in den aktuellen Zeiten, in denen wir alle tolerant, weltoffen und bunt sind sollte es doch kein Problem mehr sein als Mann seine Strumpfhose wie ein ganz normales<br \/>Kleidungsst\u00fcck offen tragen zu d\u00fcrfen. Zu d\u00fcrfen trifft es hier vielleicht nicht ganz. Es ist ja nicht verboten. Es gibt aber Situationen in denen man einfach schief angeschaut wird<br \/>wenn man sie tr\u00e4gt. Da muss man aber dr\u00fcber stehen. Je mehr M\u00e4nner Strumpfhosen tragen um so mehr wird es zur Gewohnheit. Wir tun nichts verbotenes, also traut Euch!<br \/>Nur eine Bitte&#8230; wollt ihr transparente Strumpfhosen tragen, dann rasiert bitte das Fell an den Beinen vorher. Keiner mag platt gedr\u00fcckte Haare untern dem feinen Garn sehen.<br \/><br \/>If you like it&#8230;. wear it!!\u00a0 \u00a0<br \/><br \/>Soweit erstmal eine erste Vorstellung<br \/>Euer Nylonb\u00e4r\u00a0<\/p>\r\n","protected":false},"excerpt":{"rendered":"<p>Hallo, ich bin der Nylonb\u00e4r.\u00a0Ok, das hast Du Dir sicher schon gedacht. Aber wer steckt dahinter?Ich wohne in Deutschland und bin ein ganz normaler (auch wenn manche etwas anderes behaupten) Mann, der sehr gerne Strumpfhosen tr\u00e4gt.Es geht mir dabei nicht um irgendwelche sexuelle Vorlieben oder Befriedigungen. Strumpfhosen sind aus meiner Sicht einfach Kleidungsst\u00fccke.Und zwar Kleidungsst\u00fccke, [&hellip;]<\/p>\n","protected":false},"author":1,"featured_media":0,"parent":0,"menu_order":0,"comment_status":"closed","ping_status":"closed","template":"","meta":{"footnotes":""},"class_list":["post-55","page","type-page","status-publish","hentry"],"_links":{"self":[{"href":"https:\/\/xn--nylonbr-bxa.de\/index.php?rest_route=\/wp\/v2\/pages\/55","targetHints":{"allow":["GET"]}}],"collection":[{"href":"https:\/\/xn--nylonbr-bxa.de\/index.php?rest_route=\/wp\/v2\/pages"}],"about":[{"href":"https:\/\/xn--nylonbr-bxa.de\/index.php?rest_route=\/wp\/v2\/types\/page"}],"author":[{"embeddable":true,"href":"https:\/\/xn--nylonbr-bxa.de\/index.php?rest_route=\/wp\/v2\/users\/1"}],"replies":[{"embeddable":true,"href":"https:\/\/xn--nylonbr-bxa.de\/index.php?rest_route=%2Fwp%2Fv2%2Fcomments&post=55"}],"version-history":[{"count":5,"href":"https:\/\/xn--nylonbr-bxa.de\/index.php?rest_route=\/wp\/v2\/pages\/55\/revisions"}],"predecessor-version":[{"id":97,"href":"https:\/\/xn--nylonbr-bxa.de\/index.php?rest_route=\/wp\/v2\/pages\/55\/revisions\/97"}],"wp:attachment":[{"href":"https:\/\/xn--nylonbr-bxa.de\/index.php?rest_route=%2Fwp%2Fv2%2Fmedia&parent=55"}],"curies":[{"name":"wp","href":"https:\/\/api.w.org\/{rel}","templated":true}]}}